ctor of p and l.
2
Let x = 4 - -5. What is the greatest common factor of 9 and x?
9
Let a = 214 + -123. Suppose 31*w - 26*w - 65 = 0. Calculate the highest common factor of w and a.
13
Suppose 15 = 3*s, 2*s = -2*z + 4*s + 92. Calculate the highest common factor of z and 17.
17
Suppose -2*u = -5*u + 84. What is the highest common factor of 84 and u?
28
Suppose -7 = g + 4*b - 51, -4*g + 159 = -b. Let w = 21 - 13. Calculate the highest common divisor of w and g.
8
Let z be (1 - 12)*(-69)/3. Suppose 3*q - 67 = 4*s - 2*s, 50 = 2*q + 4*s. Calculate the greatest common factor of z and q.
23
Let o(y) = y - 10. Let x(d) = 10. Let k(j) = -3*o(j) - 4*x(j). Let s be k(-7). Calculate the highest common factor of s and 55.
11
Let s(m) = -m**2 - 4*m - 9. Let p(n) = -n**2 - 4*n - 9. Let q(t) = 6*p(t) - 7*s(t). Let o be q(-6). Calculate the highest common factor of 168 and o.
21
Let t = 9 - 13. Let a(b) = -b**2 - 8*b - 6. Let f be a(t). What is the greatest common divisor of f and 5?
5
Let t be 78/2*154/42. Calculate the greatest common factor of 13 and t.
13
Let l(a) = a**2 + 4*a - 2. Let i be l(-6). Suppose -2*n + 4*m - 46 = -4*n, 2*m - 68 = -4*n. What is the highest common divisor of n and i?
5
Suppose 2*n = 2 + 2. Suppose -5*i - 116 = -3*v, 25 + 65 = n*v + 3*i. Let p be 2*(-4 + 3) + 8. Calculate the greatest common divisor of p and v.
6
Suppose 0 = -v + 4*y + 6, -5*v - 2*y - 3*y = -5. Suppose -j - 28 = -2*o, 12 = -v*o - 5*j + 64. Calculate the greatest common factor of o and 4.
4
Let c(h) = -3*h + 2. Let k be c(-1). Suppose -4*x + 5 - 17 = -4*j, -j - k*x = 9. Calculate the highest common factor of j and 7.
1
Let u be ((-48)/40)/(6/(-105)). Let l = -6 + 12. Let w be (9/l)/(3/28). What is the highest common factor of u and w?
7
Suppose 111 = 2*o - o. Suppose 5*p - 140 = -345. Let s = o + p. Calculate the highest common divisor of 10 and s.
10
Let k(z) = z - 1. Suppose 0*g + 3 = g. Let x be k(g). Calculate the highest common divisor of 5 and x.
1
Let z(k) = -9*k**2 - k - 3. Let x(u) = 8*u**2 + 2*u + 2. Let c(y) = 7*x(y) + 6*z(y). Let m be c(-6). What is the greatest common factor of m and 30?
10
Let c be (-4)/(-4) - (-26)/2. What is the greatest common factor of c and 98?
14
Let h = 26 + -68. Let f = h + 72. Calculate the greatest common factor of f and 12.
6
Let g = -15 + 21. Suppose 5*q + 2*y - 65 = 0, -9 - g = -3*y. Let a(v) = 19*v**2 + 2*v - 3. Let t be a(2). Calculate the greatest common factor of q and t.
11
Suppose -3*l + 19 = -44. Let j = 13 + l. What is the greatest common divisor of 51 and j?
17
Let t(y) = y**3 - 3*y**2 - 3*y + 12. Let q be t(2). Calculate the greatest common divisor of 11 and q.
1
Let g(t) = 5*t**3 + t**2 + 2*t - 1. Let h be g(2). Let m = h - -1. Calculate the highest common divisor of 12 and m.
12
Suppose -s - 2 = 8. Let c(x) = x**3 + 10*x**2 - x - 7. Let b be c(s). Suppose -9 = -b*p + 9. What is the highest common factor of p and 30?
6
Let k be 16/(-20)*(3 + 2). Let f = 6 + k. Suppose 0*g = -f*g + 6. Calculate the highest common divisor of g and 12.
3
Suppose -2*j - 188 = 4*v - 6*j, 0 = 2*j - 6. Let x be v/8*2/1. Let r = -1 - x. What is the greatest common divisor of 90 and r?
10
Let s = 63 - 4. Let m = -34 + s. Calculate the greatest common factor of 10 and m.
5
Suppose -i = -3 - 0. Suppose i*r = 2*b - 24, 0 = -7*b + 2*b + 5*r + 55. Calculate the greatest common factor of b and 9.
9
Let k be (-108)/(-45)*20/6. What is the highest common divisor of k and 48?
8
Let y = 67 - 37. What is the greatest common factor of y and 45?
15
Let q be (-7)/42 - (-98)/12. What is the highest common factor of 32 and q?
8
Suppose 2*v - 61 = -19. Suppose 0 = -2*c + 181 + 29. Calculate the greatest common factor of v and c.
21
Let h(u) = -20*u. Suppose 0 = 2*n + l + 7, 4*n - 2*l - 2*l - 16 = 0. Let j be h(n). Calculate the highest common factor of j and 80.
20
Let y = 39 - 28. Let a be (-2 - -1)/(2/(-154)). What is the greatest common factor of a and y?
11
Let c(d) = -23*d + 1. Suppose -3*b + 21 = -0*b. Suppose 0 = -4*n - b - 5. Let k be c(n). Calculate the highest common factor of 14 and k.
14
Let g(n) = n**2 + 5*n - 9. Let h be g(-7). Suppose 17 = 3*j - 5*y, h*j - 55 = -2*y + 5*y. What is the greatest common factor of 35 and j?
7
Suppose 0 = d + 2*d - 132. Let c be 6/4*d/6. What is the greatest common factor of 77 and c?
11
Let d(j) = j**3 + j**2 + 39. Let o be d(0). What is the highest common factor of o and 195?
39
Suppose -2*n = -42 - 30. What is the greatest common divisor of 90 and n?
18
Let r(v) = v**3 + 3*v - 2. Let l be r(2). Let i(n) = -58*n**3 + n + 1. Let z be i(-1). Let w = z + -40. Calculate the greatest common factor of l and w.
6
Suppose 0 = 2*r + a - 16, -5*r - a + 8 = -4*r. What is the highest common factor of 28 and r?
4
Let j = 28 - 23. Suppose v + 3*i - 120 = 0, 3*v - 2*v + j*i - 130 = 0. Suppose x = 8 + 7. Calculate the greatest common factor of x and v.
15
Let f(h) = h**2 - h - 1. Let g be f(-3). Suppose 0*l + l - g = 0. Suppose 0 = s - 33. Calculate the highest common factor of s and l.
11
Let v = -12 - -16. Let y(o) = o**3 - o**2 + 36. Let u be y(0). Calculate the greatest common factor of u and v.
4
Suppose 60 = -0*f + 4*f. Let x be 2 + 131 + 1 + 1. Calculate the greatest common factor of f and x.
15
Let t be (2/(-4))/(1/34). Let c = 27 + t. Let f(b) = 2*b**2 + 2*b + 1. Let w be f(-4). What is the greatest common factor of w and c?
5
Let k(a) be the second derivative of 5*a**4/4 + a. Let o be k(2). Let s(b) = -2*b + 2. Let w be s(-2). What is the greatest common factor of w and o?
6
Let m = -27 - -31. Let l(o) = -o**2 - 4*o + 4. Let g be l(-4). Suppose -g*t - 64 = -8*t. What is the highest common factor of t and m?
4
Suppose 4*d + 2*x = 16, 3*d = 5*x - 1 - 0. Let m = 7 + d. Let q = -6 + m. What is the greatest common divisor of q and 32?
4
Let k(p) = 22*p. Let q be k(1). Calculate the highest common factor of 33 and q.
11
Let u(l) = -2*l - 6. Let s be u(-11). Suppose 140 = t + 3*t. Let x = -11 + t. Calculate the greatest common divisor of s and x.
8
Suppose 4*r + 88 = -4*y + 288, 3*y = -4*r + 205. Calculate the highest common divisor of 22 and r.
11
Let u(h) = 2*h**2 - 3*h - 5. Let i be u(4). Let m = -22 + i. Let p be 2/m + (-172)/(-14). What is the greatest common divisor of 36 and p?
12
Let p(i) = i + 1. Let a be p(0). Suppose -y + a = -9. Calculate the highest common divisor of y and 4.
2
Let n(x) = 6*x**2 - x + 2. Let i be n(1). What is the highest common factor of 28 and i?
7
Let j be 4/22 + 42/11. Calculate the greatest common divisor of 16 and j.
4
Suppose -2*i - 13 = -d + 31, 204 = 5*d - 2*i. What is the greatest common divisor of 16 and d?
8
Suppose 10*j - 346 - 224 = 0. What is the highest common divisor of 38 and j?
19
Let k be ((-2)/3)/(5/(-720)). Calculate the highest common factor of 64 and k.
32
Let d be -8*((-18)/(-12) + -3). Calculate the greatest common factor of d and 12.
12
Let k be 9/15 + (-344)/(-10). Let v = 107 - k. What is the greatest common divisor of 8 and v?
8
Suppose -201 - 39 = -3*h. Let l be (-4)/6 - h/(-3). Let p = 98 - l. What is the highest common divisor of 8 and p?
8
Let z(i) = i**3 - i**2 - 2*i + 4. Let o be z(3). Calculate the greatest common divisor of o and 80.
16
Suppose -92 = -5*l + 188. Let b = 33 + -19. What is the greatest common divisor of b and l?
14
Let x be (60/(-9))/(2/(-9)). Let o = x + -14. Let y = o + 61. What is the highest common divisor of 11 and y?
11
Suppose 2*j + 6 = 4*j. Let l(d) = 4*d - 1. Let k be l(j). What is the greatest common divisor of k and 110?
11
Let u(c) = 4*c**2 - 3*c + 5. Let n be u(5). Suppose -4*p = -4*y - 0*y - 148, p - 25 = 5*y. Suppose a - p = -3*a. What is the greatest common factor of a and n?
10
Let x(m) = -7*m + 1. Let q(s) = 6*s - 2. Let z(f) = -5*q(f) - 4*x(f). Let w be z(-3). Suppose b - 4 = 44. Calculate the greatest common factor of b and w.
12
Suppose 0 = 6*s - s - 25. Suppose -5*j + 55 = s. Calculate the greatest common divisor of 2 and j.
2
Let a be ((-12)/(-10))/((-9)/(-30)). What is the highest common factor of 4 and a?
4
Let o be 2/(-6) + (-360)/(-27). Calculate the greatest common divisor of 13 and o.
13
Let y = 1 + 11. What is the highest common divisor of y and 4?
4
Let p(c) = c**2 - 5*c + 1. Let w be p(6). What is the hig